et w(j) = 5*p(j) + q(j). Let y be w(1). Suppose a + 56 = 4*m + 2*a, m + 4*a - y = 0. List the prime factors of m.
13
Let c = 22 + 15. What are the prime factors of c?
37
Let u(m) = -m**2 - 13*m - 4. Let f be u(-6). Suppose -5*b - 3 + f = 0. What are the prime factors of b?
7
Let n(x) = -x + 8. Let m be n(6). Let h(d) = 3 + 5*d + d + 5*d**m - 3*d**2. What are the prime factors of h(-4)?
11
Let w(x) = 0 - 7 + 56*x - 53*x. Suppose 0 = -2*f + 2 + 12. What are the prime factors of w(f)?
2, 7
Suppose l = 5*l - 48. Suppose b + l = 2*b. What are the prime factors of b?
2, 3
Suppose -26 = 5*u - 151. Let j(i) = 2*i**2 - 2*i - 1. Let l be j(3). Suppose 29 = 3*h + 5*c, -2*h + l = -5*c - u. List the prime factors of h.
13
Suppose -71 = -2*f - 3. Suppose -y = -2*y + f. List the prime factors of y.
2, 17
Let c(s) = 5*s**2 - 1. Let z be c(1). Suppose 15 = z*m - 1. List the prime factors of m.
2
Let o = 40 + -29. List the prime factors of o.
11
Let j = -6 - -22. List the prime factors of j.
2
Suppose -5*j + 9 = -61. Let w(r) = r**2 - 11*r - 7. List the prime factors of w(j).
5, 7
Let s(d) = -2*d - 9. Let p = 0 + -6. Let z be s(p). Suppose z = 2*x - 7. List the prime factors of x.
5
List the prime factors of 28*45/6*2/3.
2, 5, 7
Let w(q) = q + 8. Let k be (-20)/(-25)*30/(-4). Let t be w(k). Suppose -a + 4*u = -2*a - t, 8 = 2*a - 4*u. What are the prime factors of a?
2
Let s be (-1*1)/((-6)/12). Suppose 5*n - 54 = s*n. Let b = -13 + n. List the prime factors of b.
5
Suppose 0 = -4*d - 3*d + 161. List the prime factors of d.
23
Let t(a) = 3*a - 3*a - a + 2*a**2 - 2*a + 1. List the prime factors of t(3).
2, 5
Suppose -149*v + 153*v - 692 = 0. What are the prime factors of v?
173
Suppose 0 = 3*o - 0*o - 4*j - 29, 3*o - 33 = 3*j. What are the prime factors of o?
3, 5
Let m = 146 + -68. List the prime factors of m.
2, 3, 13
Let q(k) = 2*k + 4*k**2 + 0*k + 3 - 1 - 5*k. Let h be ((-3)/2)/((-6)/8). What are the prime factors of q(h)?
2, 3
Let q = -11 + 16. Let f = 9 - q. Suppose f = 4*v, c + 3*c - 39 = v. List the prime factors of c.
2, 5
List the prime factors of (-36)/(-2) - 4/(-2).
2, 5
Suppose -5*d - 18 - 12 = -5*r, -3*d = 4*r - 24. Let g = r - 0. What are the prime factors of g?
2, 3
Suppose -r = 2*r - 12. Suppose q - 3*q - 2 = r*i, 0 = 5*i. List the prime factors of (-7 + 1)*q/2.
3
Let b(k) = -k + 11. Let g be b(8). Suppose g*l - 26 = -2*l - 4*z, 2*l - 4*z = 16. What are the prime factors of l?
2, 3
Suppose -x = -2*z - 6, 2*z - 5*x = -3*x - 8. Let d be (2 - -53) + z*1. Suppose -b = -4*o + d, 40 = 5*o + 2*b + 2*b. What are the prime factors of o?
2, 3
List the prime factors of (0 - -1) + -8 + 77.
2, 5, 7
Let s be 1 - (-5 - (-1 + -1)). Suppose -s = 2*m - 8. List the prime factors of m.
2
Let n(u) = u**2 - 1. Let y(r) = -3*r**3 + 2*r**2 + 2*r + 1. Let o be y(-1). List the prime factors of n(o).
3, 5
Let n = -31 + 15. Let w = 27 + n. List the prime factors of w.
11
What are the prime factors of (-5)/(15/(-207)) + -4?
5, 13
Let b be (-46)/6 - (-4)/6. Suppose 5*y - q = -51, -5*y - 35 = -6*q + q. Let m = b - y. What are the prime factors of m?
2
Let j = 49 - 28. Let v = j + -6. List the prime factors of v.
3, 5
Let y be (-1)/2 - 635/(-10). Suppose 3*p - 2*r = -0*r + 97, r + y = 2*p. What are the prime factors of p?
29
Let x(p) be the first derivative of -p**2/2 - p - 3. Let f be x(-3). Suppose -f*l + 9 = l. List the prime factors of l.
3
Suppose -i - z - 4*z - 43 = 0, 0 = 5*i - 5*z + 125. Let u = -14 - i. List the prime factors of u.
2, 7
Suppose -90 = -3*u - 0*u. List the prime factors of u.
2, 3, 5
Suppose x = -2 + 8. List the prime factors of 258/18 + (-2)/x.
2, 7
Let m(w) = 10*w - 16. Let d(l) = 2*l - 15. Let y be d(11). List the prime factors of m(y).
2, 3
Suppose 0 = -4*o + 26 + 38. What are the prime factors of o?
2
Let f = 25 - 21. Suppose 0 = -4*h + 2*b + 146, -f*h + 3*b + 140 = -b. List the prime factors of h.
2, 19
Let x(g) be the first derivative of 3*g**2/2 - 2*g - 1. Let h be x(6). Let s = h + -6. List the prime factors of s.
2, 5
Suppose -2*l = -5*l + 15. Suppose 0 = -5*c - 3*x - 0*x + 16, -5*x - 5 = 2*c. Suppose c*y = -5*i + l + 60, -i = -y - 5. What are the prime factors of i?
3
Suppose -5*i + 59 = r, 45 - 1 = r + 2*i. List the prime factors of r.
2, 17
Let k be (-1)/4 - (-162)/8. Suppose 16 = 5*p - 79. Suppose -n - 4*z + k = 0, z = 4*n - p - 27. List the prime factors of n.
2, 3
Let u(g) be the first derivative of g**4/4 + 7*g**3/3 + 5*g**2/2 + 4*g - 3. List the prime factors of u(-6).
2, 5
Let o = 63 - -140. List the prime factors of o.
7, 29
Let y(a) = -3*a - 5. Let o be y(-3). Suppose o*f = f + 165. List the prime factors of f.
5, 11
Let z be 362/14 - (-8)/56. Let b = z + 5. What are the prime factors of b?
31
Suppose -4*u = -2 - 22. What are the prime factors of u/9 - 139/(-3)?
47
Suppose 0 = 4*a - 66 - 230. What are the prime factors of a?
2, 37
Suppose 13 = 5*c - 7. Suppose -c*s = -3*s - 4. What are the prime factors of s?
2
Let h = -41 - -133. What are the prime factors of h?
2, 23
Let c be (-6204)/(-42) + 2/7. Suppose 0 = 7*i - 3*i - c. What are the prime factors of i?
37
Let s(i) = -7*i. Let k(l) = 10*l. Let j(q) = -5*k(q) - 7*s(q). Let b(n) = -n**3 - 4*n**2 + 2*n + 1. Let u be b(-4). What are the prime factors of j(u)?
7
What are the prime factors of -12*(-4 + 6 + 16/(-3))?
2, 5
Let l(k) = -7*k - 1. Let d(g) = g**2 - g. Let z(a) = 3*d(a) - l(a). List the prime factors of z(-3).
2
Let i(z) = -z**3 + 5*z**2 + 2*z + 7. List the prime factors of i(5).
17
Suppose 0*b = -b + 26. Suppose -b = -5*g - 1. Suppose g*x + 4 = 14. What are the prime factors of x?
2
Suppose -156 = -4*u - 2*j, 5*u - 3*u + 5*j - 62 = 0. Let a = -29 + u. List the prime factors of a.
2, 3
Suppose -3*p - 5*y + 18 = 0, -y - 6 = -2*p + p. Suppose p*r - 6 = 4*r. What are the prime factors of r?
3
Let s(h) = 4*h**2 + h - 1. What are the prime factors of s(5)?
2, 13
Let k = 4 + -3. Let v(u) = -u**3 + u**2 + 2*u + 1. Let y be v(-1). List the prime factors of 1*(k - (-2 + y)).
2
What are the prime factors of -1 + ((-4)/(-7) - (-3882)/42)?
2, 23
Suppose 4*y - 5*j = -y - 5, -2*y + 13 = j. Suppose -y*p + 34 = -18. List the prime factors of p.
13
Suppose -2 = -3*j + 2*j. Suppose 0 = -j*d + 3*d. Suppose -2*s - 3*s + 15 = d. List the prime factors of s.
3
Suppose 2*d - 256 = -24. Suppose 0*s - 4*s + d = 0. What are the prime factors of s?
29
Suppose 5*n - 102 = 333. List the prime factors of n.
3, 29
Let z(w) = -2*w + 4. Let i be z(3). Let a be i + 6 + (0 - 0). List the prime factors of ((-44)/(-8))/(2/a).
11
Let l(v) = 37*v**2 + 2*v + 2. What are the prime factors of l(2)?
2, 7, 11
Let d(z) = z**2 + 6*z + 5. Let o be d(-5). Suppose o = -4*c - 0*c + 36. List the prime factors of c.
3
Suppose 5*w = 2*w - 51. Let p be ((0 + 1)*w)/1. Let d = -10 - p. What are the prime factors of d?
7
Let r(h) = 6*h**2 + 5*h + 12. What are the prime factors of r(-5)?
137
Suppose 0 = 12*v - 1068 - 672. List the prime factors of v.
5, 29
Suppose t - 7 = -4. Suppose k + 4*k + t*f = 183, 5*f = 5. List the prime factors of k.
2, 3
What are the prime factors of 5*(-1 - 520/(-25))?
3, 11
Suppose 0*b - 3*b + 3 = 0. Let j(m) = 16*m**3 - m. Let u be j(b). Let y = 4 + u. List the prime factors of y.
19
Suppose -2*d + 625 = 3*d. Suppose -l = 4*l - d. What are the prime factors of l?
5
Let t = -9 + 11. Let j be (-1 - (-1 - 0))/t. What are the prime factors of (19 - j)/(1/1)?
19
Suppose t = -4*t + 10. Suppose -t*h - 8 = -4*h. Suppose -j + 19 = 5*k - 3, h*k = 12. List the prime factors of j.
7
Suppose -w - 2*w = 0. Suppose y + 3*y - 192 = w. What are the prime factors of y?
2, 3
Let s be 171/(-21) + (-2)/(-14). What are the prime factors of (-6)/(-4) - 100/s?
2, 7
Let u be (-36)/10 + (-6)/15. Let x(z) = -2*z - 5 - z + 0*z. What are the prime factors of x(u)?
7
Let l(s) = 22*s**2 + 2*s - 4. What are the prime factors of l(2)?
2, 11
Let c(q) = -q**3 - 15*q**2 + 16*q + 3. Let z be c(-16). Suppose -v + 41 = -z*j, -2*v = j + 20 - 67. What are the prime factors of v?
2, 13
Suppose 0 = -5*j + 20, -3*j + 32 = -0*o + 4*o. Suppose -a - 2 = 0, o*p - 4*a - a - 90 = 0. What are the prime factors of p?
2
Let f = 42 + -30. Let z = 22 - f. List the prime factors of z.
2, 5
Suppose 2*o - 5 = -s - 2, 0 = -o - 3*s - 11. Suppose 125 = o*l - 